*s - 2. Is i(k) a prime number?
False
Let r(o) = -563*o + 16. Is r(-5) prime?
False
Suppose 1 = 2*q - 3. Suppose q*k = -4*p + 620, 265 = 5*p + 5*k - 500. Is p a composite number?
False
Let n(w) be the third derivative of -w**5/30 + w**4/12 - w**3/6 - 2*w**2. Let m be n(3). Let z = m + 26. Is z prime?
True
Suppose 0*c - c - 3*s = -118, -416 = -4*c + 2*s. Suppose -4*b = c - 470. Is b composite?
True
Is 8/(-60) + (-1654)/(-30) a prime number?
False
Let h = 16 + -23. Suppose -4*r - 9 = 3*j, 2*r = 3*j - 10 + 1. Is (31 - -2)*h/r composite?
True
Suppose -2*l - 2*b - b = -1174, 5*b + 2348 = 4*l. Is l prime?
True
Suppose -j = 3*j - 8. Suppose -3*t + 163 = j*n - 2*t, -3*n - 4*t = -237. Is n a prime number?
True
Suppose 862 = 3*g - 5*v - 2893, -5*g + v + 6273 = 0. Is g composite?
True
Suppose 3*o = o + 230. Is o a composite number?
True
Let y be 2/5 + 78/30. Suppose 224 = -y*d + 7*d. Suppose 5*o - d + 11 = 0. Is o a composite number?
True
Suppose -2*q - 36 = -146. Is q a composite number?
True
Suppose -77 = 7*f - 1855. Is f a prime number?
False
Let a(d) = 12*d - 1. Let o be a(-1). Let n = o - -66. Is n a prime number?
True
Is (-1)/(3 - 4) - -258 prime?
False
Suppose -84 = 4*t + 4*q, -q = -2*t + 3*q - 42. Let x be (-4)/(-14) + (-36)/t. Suppose x*k - 14 - 6 = 0. Is k composite?
True
Let i be ((-1)/2)/((-3)/6). Let x(f) = -i + 44*f**3 + 34*f**3 + 2. Is x(1) prime?
True
Let v = 3 - -2. Suppose s - 4 = v*a + 14, -2*s + 3 = a. Is (-32)/(-2) + (-4 - a) a prime number?
False
Suppose -3*n = 5 + 1, -5*b + 4*n = -1603. Is b a prime number?
False
Let n(v) be the first derivative of v**2/2 + 10*v - 1. Let c be n(-7). Suppose c*b + 2*q + q = 102, b + 2*q = 33. Is b prime?
False
Let v(q) = 6*q**2 + 2*q + 1. Let h be v(-1). Suppose -3*o + 883 = h*b + o, -5*b - 3*o + 886 = 0. Is b composite?
False
Let t(j) be the first derivative of -2 - 3/2*j**2 - 5*j. Is t(-6) a prime number?
True
Let n(c) = 2*c**2 - 2*c + 3. Let f = -3 + 6. Is n(f) a prime number?
False
Let i be ((-352)/33)/((-4)/6). Let k = 15 + i. Is k prime?
True
Suppose -g = -5*g + 2*z + 22, 0 = -z + 3. Let a be g/5 - 4/10. Let u(r) = 14*r. Is u(a) composite?
True
Let k be 159/2*8/4. Suppose -k = -2*n + 7. Is n a composite number?
False
Suppose 0 = -4*z + v - 15, 0*v + 40 = -5*z - 3*v. Let k = -5 - z. Suppose -2*w = -k*w + 2*o - 50, -3*w + 3*o + 51 = 0. Is w composite?
True
Let n = 185 + 6. Is n composite?
False
Suppose -j + 6*j - 30 = 0. Is (-3 + (-404)/j)*-3 a prime number?
True
Suppose -5*q = n - 120, 0*n + 3*n + 72 = 3*q. Suppose r = 7 + q. Is r a composite number?
False
Let i = -127 - -464. Is i a composite number?
False
Let h be (-14)/(-6) - 10/(-15). Suppose -h*a + a + 14 = 0. Is a prime?
True
Is (-3)/(24/(-596))*2 a prime number?
True
Suppose 5*y - 2 = 4*y + k, -8 = -4*y - 5*k. Suppose y*j - 4*i - 308 - 16 = 0, -3*i = 5*j - 745. Suppose j = 5*u - u. Is u prime?
False
Suppose 90 = -0*a + a + 4*c, 0 = 3*a + 5*c - 242. Suppose -73 = 3*b + 2*v, 2*b + 126 = -3*b + v. Let j = b + a. Is j prime?
False
Let i = -1 - -54. Is i prime?
True
Let z(f) = -f**3 - 10*f**2 + 3*f - 9. Let g be z(-9). Let v = -20 - 62. Let y = v - g. Is y composite?
True
Let b(f) = 45*f - 1. Suppose 5*u - 20 = 0, -t + u + u = 5. Suppose t*k + 5*v - 21 = 0, 6 = -3*k + 4*v - 0. Is b(k) a composite number?
False
Let l(b) = -b + 356. Let t be l(0). Suppose x = 5*x - t. Is x a composite number?
False
Let j = -123 + 188. Is j prime?
False
Let f(p) = -p + 3*p**3 - 4*p**3 + 2*p**3 + 0*p**3 + p**2 + 185. Is f(0) a prime number?
False
Let t = 2 + 1. Let w(o) = 62*o - 1. Is w(t) a prime number?
False
Suppose 0 = -d + 3*d - 10. Suppose 4*f - d*h = 35, -5*f - 2*h = 24 - 76. Is (-99)/(-15) - (-4)/f prime?
True
Let j(l) = -l**2 + 3*l - 7. Let t be j(11). Let h = t + -2. Is (h + 3)*3/(-6) a prime number?
True
Let c(y) = 369*y - 2. Let a(d) = d - 1. Let w(o) = 3*a(o) - c(o). Is w(-1) composite?
True
Let b = 51 + 188. Is b a prime number?
True
Suppose 4*f = 3*f + 97. Is f a composite number?
False
Is -1 - (-3 + 203)/(-1) prime?
True
Let f(w) = 38*w - 3. Is f(5) a composite number?
True
Let u(d) = -12*d - 1. Let s be u(-6). Suppose 5*r - 17 = -4*q + 326, r - s = -2*q. Is r a composite number?
False
Let w = 1196 + -787. Is w prime?
True
Suppose 0*k = 3*k - 525. Let n = -86 + k. Is n a composite number?
False
Suppose 2*g = g + 124. Suppose 0 = 3*v + v - g. Is v prime?
True
Is (3 + 1 - -156) + -3 a composite number?
False
Let s be (-11)/(2 + 4 + -7). Is ((-67)/4)/(s/(-308)) a composite number?
True
Suppose 10 = -2*c + 4*k, -5*c - 18 - 14 = -3*k. Let q(v) = 5*v + 1. Let o(d) = -5*d. Let y(m) = 6*o(m) + 4*q(m). Is y(c) prime?
False
Suppose 6*g - 122 + 1088 = 0. Let r = g - -338. Is r a composite number?
True
Let l be 5/10 + (-6)/(-4). Suppose 226 = l*g - 0*g. Suppose 0 = -3*q + 2*s + g, 3*q + 4*s - 112 = 5*s. Is q a composite number?
False
Let o(j) = -2*j - 15. Let v be o(-10). Suppose -s + r = v*r - 12, 2*r = -2*s + 12. Suppose s = x + x. Is x prime?
True
Let a(x) = -x**2 + 9*x - 8. Let h be (-2)/3 - 138/(-18). Is a(h) a prime number?
False
Let a(j) = -j**3 + j**2 - 168. Let c be a(0). Let l = 403 + c. Is l a composite number?
True
Suppose -5*k - 1173 = -8*k. Let r = 67 - k. Let m = r + 509. Is m composite?
True
Let g = -278 - -495. Is g a composite number?
True
Suppose -5*s = -7*s + 74. Is s a composite number?
False
Let z(o) = 7*o**2 + 2*o + 2. Suppose 4*s + 5*i - 34 = -1, 4*s + 2*i - 18 = 0. Let h be -1*(3 - (s + -2)). Is z(h) a composite number?
False
Let y(v) = 6*v**2 + 3*v - 4. Let o(c) = 4*c**3 + c**2 + c + 1. Let r be o(-1). Let p be y(r). Suppose -p = -3*w + 130. Is w a composite number?
True
Suppose 0*i - 3*i = -720. Suppose -u - 3*u = -i. Suppose 0 = -5*h - 3*z + 50, -4*z + u = 5*h + z. Is h a prime number?
True
Let i be (-23)/(-4) - 2/(-8). Suppose 2*a - i = a. Suppose -a = f - 133. Is f prime?
True
Suppose -3*k - k - 8 = 0. Is (-4)/((-8)/42) - k composite?
False
Let c = 972 + -481. Is c composite?
False
Let z(h) = -2*h + 20. Let b be z(9). Suppose b*l + 3*x - 1117 = -3*l, -2*l = -5*x - 422. Is l composite?
True
Suppose -84*s + 3295 = -79*s. Is s prime?
True
Let c = 22 - 14. Suppose 0 = 3*d - c - 115. Let f = 72 - d. Is f a composite number?
False
Is (-1)/(-2*(-1)/(-212)) prime?
False
Let p(f) = -f**2 - 9*f + 8. Let s be p(-8). Is -124*(-2)/s*2 a composite number?
False
Let c(p) = -p**2 + 1. Let b(t) = -11*t - 6. Let s(d) = -b(d) - 3*c(d). Is s(13) composite?
False
Let w(u) = u**3 - u**2 + u + 53. Is w(0) a prime number?
True
Suppose 0 = 4*k - 12, 2*k = 2*y + 20 - 4. Let l be (-1)/(-2) - y/10. Suppose u - 3 = -l. Is u prime?
True
Is ((-50)/(-20))/(2/8) composite?
True
Let f(c) = -c**3 - 10*c**2 - 14*c - 13. Is f(-12) a composite number?
False
Let u(l) = -3*l - 1. Let n be u(-1). Suppose n*q - 33 = -5*b, -4*q + 45 = 5*b + q. Suppose 2*i + 555 = 5*f, 0 = 4*i - b*i. Is f prime?
False
Is (3/9)/(2 + 27850/(-13926)) prime?
False
Suppose 0 = a - 1060 - 1101. Is a composite?
False
Suppose -5*n - 2 = g, 3*n - 4*g + 5*g = -2. Suppose n = x + 2*x - 237. Is x prime?
True
Let k be (-3 - (-492 - -1))*1. Let v = 741 - k. Is v/5 - (-4)/10 a composite number?
True
Let y = -2 - -3. Let n = 3 - y. Suppose 3*j = 3*m + 66, -2*j + 3*m = n*j - 89. Is j prime?
True
Let i(l) = l**3 - 8*l**2 + 11*l - 9. Suppose 0*n = -r + 2*n + 1, -1 = -n. Let w = r + 4. Is i(w) composite?
False
Let b be ((-18)/(-21))/(2/14). Suppose -5*u = -a + 18, 0*a = -4*a + u + 15. Is 61/a - (-4)/b a prime number?
False
Let p = 1935 - 602. Is p prime?
False
Let l be 1 - (-3 - (-6)/(-1)). Let y be (2/(-5))/((-2)/120). Is 336/l - y/40 a prime number?
False
Let y(d) = d + 4. Let g be y(-7). Is 88/6 - 1/g a composite number?
True
Let p = -836 - -3655. Is p prime?
True
Let s = -9 + 5. Let g be -1 - s - 1/1. Suppose -3*j = g*j - 465. Is j a prime number?
False
Let a(y) = 82*y + 1. Suppose -4*m + 1 + 3 = 0. Is a(m) composite?
False
Let b be 1/3*0 - -2. Suppose b*k = 80 + 98. Is k composite?
False
Suppose -2*d - l + 246 = 0, 0*d - 246 = -2*d + 3*l. Let q = -46 + d. Is q prime?
False
Let w = -27 + 232. Let t = 360 - w. Is t composite?
True
Suppose 3*h - 5*i - 16 = -h, 3*h - 3*i - 12 = 0. Suppose 0 = 2*c - 7*c - 2*j + 14, 0 = 3*c + h*j - 14. Is -53*c/(-2) + 0 a composite number?
False
Suppose -5*t + 12089 = -a 